{"id":6615,"date":"2024-03-29T22:51:17","date_gmt":"2024-03-29T22:51:17","guid":{"rendered":"https:\/\/nasradio.rs\/?page_id=6615"},"modified":"2026-03-21T19:25:04","modified_gmt":"2026-03-21T19:25:04","slug":"impresum","status":"publish","type":"page","link":"https:\/\/nasradio.rs\/index.php\/impresum\/","title":{"rendered":"Impresum"},"content":{"rendered":"\t\t<div data-elementor-type=\"wp-page\" data-elementor-id=\"6615\" class=\"elementor elementor-6615\">\n\t\t\t\t\t\t<section class=\"elementor-section elementor-top-section elementor-element elementor-element-1583940 elementor-section-boxed elementor-section-height-default elementor-section-height-default\" data-id=\"1583940\" data-element_type=\"section\" data-e-type=\"section\">\n\t\t\t\t\t\t<div class=\"elementor-container elementor-column-gap-default\">\n\t\t\t\t\t<div class=\"elementor-column elementor-col-100 elementor-top-column elementor-element elementor-element-fb28599\" data-id=\"fb28599\" data-element_type=\"column\" data-e-type=\"column\">\n\t\t\t<div class=\"elementor-widget-wrap elementor-element-populated\">\n\t\t\t\t\t\t<div class=\"elementor-element elementor-element-7121b2d elementor-widget elementor-widget-text-editor\" data-id=\"7121b2d\" data-element_type=\"widget\" data-e-type=\"widget\" data-widget_type=\"text-editor.default\">\n\t\t\t\t<div class=\"elementor-widget-container\">\n\t\t\t\t\t\t\t\t\t<p style=\"font-weight: 400;\"><strong>Izdava\u010d:<\/strong> Centar za trening i edukaciju<\/p><p style=\"font-weight: 400;\"><strong>Naziv medija:<\/strong> Radio Na\u0161 107,8 MHz<\/p><p style=\"font-weight: 400;\"><strong>Podru\u010dje emitovanja:<\/strong> Lokalna \u017dabalj<\/p><p style=\"font-weight: 400;\"><strong>Adresa studija:<\/strong> \u017dabalj, Nikole Tesle 31, Republika Srbija<\/p><p style=\"font-weight: 400;\"><strong>Telefon:<\/strong> 063537575<\/p><p style=\"font-weight: 400;\"><strong>Glavni i odgovorni urednik:<\/strong> Milo\u0161 Lon\u010dar<\/p><p style=\"font-weight: 400;\">Web site: <a href=\"http:\/\/nasradiomm.com\/\" data-saferedirecturl=\"https:\/\/www.google.com\/url?q=http:\/\/nasradiomm.com&amp;source=gmail&amp;ust=1711835188825000&amp;usg=AOvVaw3uLu1dnJHEw20yIF44UBV1\">nasradio.rs<\/a><\/p><p style=\"font-weight: 400;\">E mail:\u00a0<a href=\"mailto:milos.loncar@yahoo.com\">milos.loncar@yahoo.com<\/a><\/p><p style=\"font-weight: 400;\">Registracioni broj medija: RA000217<\/p><p style=\"font-weight: 400;\">Izvr\u0161avanje obaveza koje Centar za trening i edukaciju ima po odredbama Zakona o elektronskim medijima i Zakona o javnom informisanju i medijima i Podzakonskim aktima donetim u skladu sa Zakonom o elektronskim medijima, kontroli\u0161e Regulatorno telo za elektronske medije.<\/p>\t\t\t\t\t\t\t\t<\/div>\n\t\t\t\t<\/div>\n\t\t\t\t\t<\/div>\n\t\t<\/div>\n\t\t\t\t\t<\/div>\n\t\t<\/section>\n\t\t\t\t<\/div>\n\t\t","protected":false},"excerpt":{"rendered":"<p>Izdava\u010d: Centar za trening i edukaciju Naziv medija: Radio Na\u0161 107,8 MHz Podru\u010dje emitovanja: Lokalna \u017dabalj Adresa studija: \u017dabalj, Nikole Tesle 31, Republika Srbija Telefon: 063537575 Glavni i odgovorni urednik: Milo\u0161 Lon\u010dar Web site: nasradio.rs E mail:\u00a0milos.loncar@yahoo.com Registracioni broj medija: RA000217 Izvr\u0161avanje obaveza koje Centar za trening i edukaciju ima ...<\/p>\n","protected":false},"author":1,"featured_media":0,"parent":0,"menu_order":0,"comment_status":"closed","ping_status":"closed","template":"","meta":{"footnotes":""},"class_list":["post-6615","page","type-page","status-publish","hentry"],"yoast_head":"<!-- This site is optimized with the Yoast SEO plugin v26.9 - https:\/\/yoast.com\/product\/yoast-seo-wordpress\/ -->\n<title>Impresum - Na\u0161 Radio<\/title>\n<meta name=\"description\" content=\"Samo narodni hitovi\" \/>\n<meta name=\"robots\" content=\"index, follow, max-snippet:-1, max-image-preview:large, max-video-preview:-1\" \/>\n<link rel=\"canonical\" href=\"https:\/\/nasradio.rs\/index.php\/impresum\/\" \/>\n<meta property=\"og:locale\" content=\"en_US\" \/>\n<meta property=\"og:type\" content=\"article\" \/>\n<meta property=\"og:title\" content=\"Impresum - Na\u0161 Radio\" \/>\n<meta property=\"og:description\" content=\"Samo narodni hitovi\" \/>\n<meta property=\"og:url\" content=\"https:\/\/nasradio.rs\/index.php\/impresum\/\" \/>\n<meta property=\"og:site_name\" content=\"Na\u0161 Radio\" \/>\n<meta property=\"article:modified_time\" content=\"2026-03-21T19:25:04+00:00\" \/>\n<meta property=\"og:image\" content=\"https:\/\/nasradio.rs\/wp-content\/uploads\/2023\/12\/NARODNA-NAS-RADIO-PLAY-1.png\" \/>\n\t<meta property=\"og:image:width\" content=\"1080\" \/>\n\t<meta property=\"og:image:height\" content=\"1080\" \/>\n\t<meta property=\"og:image:type\" content=\"image\/png\" \/>\n<meta name=\"twitter:card\" content=\"summary_large_image\" \/>\n<meta name=\"twitter:label1\" content=\"Est. reading time\" \/>\n\t<meta name=\"twitter:data1\" content=\"1 minute\" \/>\n<script type=\"application\/ld+json\" class=\"yoast-schema-graph\">{\"@context\":\"https:\/\/schema.org\",\"@graph\":[{\"@type\":\"WebPage\",\"@id\":\"https:\/\/nasradio.rs\/index.php\/impresum\/\",\"url\":\"https:\/\/nasradio.rs\/index.php\/impresum\/\",\"name\":\"Impresum - Na\u0161 Radio\",\"isPartOf\":{\"@id\":\"https:\/\/nasradio.rs\/#website\"},\"datePublished\":\"2024-03-29T22:51:17+00:00\",\"dateModified\":\"2026-03-21T19:25:04+00:00\",\"description\":\"Samo narodni hitovi\",\"breadcrumb\":{\"@id\":\"https:\/\/nasradio.rs\/index.php\/impresum\/#breadcrumb\"},\"inLanguage\":\"en-US\",\"potentialAction\":[{\"@type\":\"ReadAction\",\"target\":[\"https:\/\/nasradio.rs\/index.php\/impresum\/\"]}]},{\"@type\":\"BreadcrumbList\",\"@id\":\"https:\/\/nasradio.rs\/index.php\/impresum\/#breadcrumb\",\"itemListElement\":[{\"@type\":\"ListItem\",\"position\":1,\"name\":\"Home\",\"item\":\"https:\/\/nasradio.rs\/\"},{\"@type\":\"ListItem\",\"position\":2,\"name\":\"Impresum\"}]},{\"@type\":\"WebSite\",\"@id\":\"https:\/\/nasradio.rs\/#website\",\"url\":\"https:\/\/nasradio.rs\/\",\"name\":\"Na\u0161 Radio\",\"description\":\"Samo narodni hitovi\",\"publisher\":{\"@id\":\"https:\/\/nasradio.rs\/#organization\"},\"alternateName\":\"Samo narodni hitovi\",\"potentialAction\":[{\"@type\":\"SearchAction\",\"target\":{\"@type\":\"EntryPoint\",\"urlTemplate\":\"https:\/\/nasradio.rs\/?s={search_term_string}\"},\"query-input\":{\"@type\":\"PropertyValueSpecification\",\"valueRequired\":true,\"valueName\":\"search_term_string\"}}],\"inLanguage\":\"en-US\"},{\"@type\":\"Organization\",\"@id\":\"https:\/\/nasradio.rs\/#organization\",\"name\":\"Na\u0161 Radio\",\"alternateName\":\"Samo narodni hitovi\",\"url\":\"https:\/\/nasradio.rs\/\",\"logo\":{\"@type\":\"ImageObject\",\"inLanguage\":\"en-US\",\"@id\":\"https:\/\/nasradio.rs\/#\/schema\/logo\/image\/\",\"url\":\"https:\/\/nasradio.rs\/wp-content\/uploads\/2020\/06\/cropped-Logotipovi-za-radio1078-2.png\",\"contentUrl\":\"https:\/\/nasradio.rs\/wp-content\/uploads\/2020\/06\/cropped-Logotipovi-za-radio1078-2.png\",\"width\":512,\"height\":512,\"caption\":\"Na\u0161 Radio\"},\"image\":{\"@id\":\"https:\/\/nasradio.rs\/#\/schema\/logo\/image\/\"}}]}<\/script>\n<!-- \/ Yoast SEO plugin. -->","yoast_head_json":{"title":"Impresum - Na\u0161 Radio","description":"Samo narodni hitovi","robots":{"index":"index","follow":"follow","max-snippet":"max-snippet:-1","max-image-preview":"max-image-preview:large","max-video-preview":"max-video-preview:-1"},"canonical":"https:\/\/nasradio.rs\/index.php\/impresum\/","og_locale":"en_US","og_type":"article","og_title":"Impresum - Na\u0161 Radio","og_description":"Samo narodni hitovi","og_url":"https:\/\/nasradio.rs\/index.php\/impresum\/","og_site_name":"Na\u0161 Radio","article_modified_time":"2026-03-21T19:25:04+00:00","og_image":[{"width":1080,"height":1080,"url":"https:\/\/nasradio.rs\/wp-content\/uploads\/2023\/12\/NARODNA-NAS-RADIO-PLAY-1.png","type":"image\/png"}],"twitter_card":"summary_large_image","twitter_misc":{"Est. reading time":"1 minute"},"schema":{"@context":"https:\/\/schema.org","@graph":[{"@type":"WebPage","@id":"https:\/\/nasradio.rs\/index.php\/impresum\/","url":"https:\/\/nasradio.rs\/index.php\/impresum\/","name":"Impresum - Na\u0161 Radio","isPartOf":{"@id":"https:\/\/nasradio.rs\/#website"},"datePublished":"2024-03-29T22:51:17+00:00","dateModified":"2026-03-21T19:25:04+00:00","description":"Samo narodni hitovi","breadcrumb":{"@id":"https:\/\/nasradio.rs\/index.php\/impresum\/#breadcrumb"},"inLanguage":"en-US","potentialAction":[{"@type":"ReadAction","target":["https:\/\/nasradio.rs\/index.php\/impresum\/"]}]},{"@type":"BreadcrumbList","@id":"https:\/\/nasradio.rs\/index.php\/impresum\/#breadcrumb","itemListElement":[{"@type":"ListItem","position":1,"name":"Home","item":"https:\/\/nasradio.rs\/"},{"@type":"ListItem","position":2,"name":"Impresum"}]},{"@type":"WebSite","@id":"https:\/\/nasradio.rs\/#website","url":"https:\/\/nasradio.rs\/","name":"Na\u0161 Radio","description":"Samo narodni hitovi","publisher":{"@id":"https:\/\/nasradio.rs\/#organization"},"alternateName":"Samo narodni hitovi","potentialAction":[{"@type":"SearchAction","target":{"@type":"EntryPoint","urlTemplate":"https:\/\/nasradio.rs\/?s={search_term_string}"},"query-input":{"@type":"PropertyValueSpecification","valueRequired":true,"valueName":"search_term_string"}}],"inLanguage":"en-US"},{"@type":"Organization","@id":"https:\/\/nasradio.rs\/#organization","name":"Na\u0161 Radio","alternateName":"Samo narodni hitovi","url":"https:\/\/nasradio.rs\/","logo":{"@type":"ImageObject","inLanguage":"en-US","@id":"https:\/\/nasradio.rs\/#\/schema\/logo\/image\/","url":"https:\/\/nasradio.rs\/wp-content\/uploads\/2020\/06\/cropped-Logotipovi-za-radio1078-2.png","contentUrl":"https:\/\/nasradio.rs\/wp-content\/uploads\/2020\/06\/cropped-Logotipovi-za-radio1078-2.png","width":512,"height":512,"caption":"Na\u0161 Radio"},"image":{"@id":"https:\/\/nasradio.rs\/#\/schema\/logo\/image\/"}}]}},"_links":{"self":[{"href":"https:\/\/nasradio.rs\/index.php\/wp-json\/wp\/v2\/pages\/6615","targetHints":{"allow":["GET"]}}],"collection":[{"href":"https:\/\/nasradio.rs\/index.php\/wp-json\/wp\/v2\/pages"}],"about":[{"href":"https:\/\/nasradio.rs\/index.php\/wp-json\/wp\/v2\/types\/page"}],"author":[{"embeddable":true,"href":"https:\/\/nasradio.rs\/index.php\/wp-json\/wp\/v2\/users\/1"}],"replies":[{"embeddable":true,"href":"https:\/\/nasradio.rs\/index.php\/wp-json\/wp\/v2\/comments?post=6615"}],"version-history":[{"count":7,"href":"https:\/\/nasradio.rs\/index.php\/wp-json\/wp\/v2\/pages\/6615\/revisions"}],"predecessor-version":[{"id":6690,"href":"https:\/\/nasradio.rs\/index.php\/wp-json\/wp\/v2\/pages\/6615\/revisions\/6690"}],"wp:attachment":[{"href":"https:\/\/nasradio.rs\/index.php\/wp-json\/wp\/v2\/media?parent=6615"}],"curies":[{"name":"wp","href":"https:\/\/api.w.org\/{rel}","templated":true}]}}