{"id":6340,"date":"2023-12-20T02:21:31","date_gmt":"2023-12-20T02:21:31","guid":{"rendered":"https:\/\/nasradio.rs\/?page_id=6340"},"modified":"2024-03-07T18:08:15","modified_gmt":"2024-03-07T18:08:15","slug":"kontakt","status":"publish","type":"page","link":"https:\/\/nasradio.rs\/index.php\/kontakt\/","title":{"rendered":"Kontakt"},"content":{"rendered":"\t\t<div data-elementor-type=\"wp-page\" data-elementor-id=\"6340\" class=\"elementor elementor-6340\">\n\t\t\t\t\t\t<section class=\"elementor-section elementor-top-section elementor-element elementor-element-1f2757d2 elementor-section-stretched elementor-section-full_width elementor-section-height-min-height elementor-section-height-default elementor-section-items-middle\" data-id=\"1f2757d2\" data-element_type=\"section\" data-e-type=\"section\" data-settings=\"{&quot;stretch_section&quot;:&quot;section-stretched&quot;,&quot;background_background&quot;:&quot;classic&quot;}\">\n\t\t\t\t\t\t\t<div class=\"elementor-background-overlay\"><\/div>\n\t\t\t\t\t\t\t<div class=\"elementor-container elementor-column-gap-default\">\n\t\t\t\t\t<div class=\"elementor-column elementor-col-100 elementor-top-column elementor-element elementor-element-1122eefd\" data-id=\"1122eefd\" data-element_type=\"column\" data-e-type=\"column\" data-settings=\"{&quot;background_background&quot;:&quot;classic&quot;}\">\n\t\t\t<div class=\"elementor-widget-wrap elementor-element-populated\">\n\t\t\t\t\t\t<div class=\"elementor-element elementor-element-638477da elementor-widget elementor-widget-proradio-elementor-qt-caption\" data-id=\"638477da\" data-element_type=\"widget\" data-e-type=\"widget\" data-widget_type=\"proradio-elementor-qt-caption.default\">\n\t\t\t\t<div class=\"elementor-widget-container\">\n\t\t\t\t\t\t\t<div>\n\t\t\t<h3  class=\"proradio-element-caption proradio-caption  proradio-caption__l center proradio-center proradio-caption__c  \" data-qtwaypoints-offset=\"30\" data-qtwaypoints>\t\t\t\t<span>NA\u0160 RADIO 107.8<\/span>\n\t\t\t\t<\/h3>\t\t<\/div>\n\t\t\t\t\t\t<\/div>\n\t\t\t\t<\/div>\n\t\t\t\t<div class=\"elementor-element elementor-element-5b71dcaf elementor-widget elementor-widget-heading\" data-id=\"5b71dcaf\" data-element_type=\"widget\" data-e-type=\"widget\" data-widget_type=\"heading.default\">\n\t\t\t\t<div class=\"elementor-widget-container\">\n\t\t\t\t\t<h1 class=\"elementor-heading-title elementor-size-default\">KONTAKT<\/h1>\t\t\t\t<\/div>\n\t\t\t\t<\/div>\n\t\t\t\t\t<\/div>\n\t\t<\/div>\n\t\t\t\t\t<\/div>\n\t\t<\/section>\n\t\t\t\t<section class=\"elementor-section elementor-top-section elementor-element elementor-element-9291a33 elementor-section-stretched elementor-section-boxed elementor-section-height-default elementor-section-height-default\" data-id=\"9291a33\" data-element_type=\"section\" data-e-type=\"section\" data-settings=\"{&quot;stretch_section&quot;:&quot;section-stretched&quot;,&quot;background_background&quot;:&quot;classic&quot;}\">\n\t\t\t\t\t\t<div class=\"elementor-container elementor-column-gap-wider\">\n\t\t\t\t\t<div class=\"elementor-column elementor-col-100 elementor-top-column elementor-element elementor-element-14eeb719\" data-id=\"14eeb719\" data-element_type=\"column\" data-e-type=\"column\">\n\t\t\t<div class=\"elementor-widget-wrap elementor-element-populated\">\n\t\t\t\t\t\t<div class=\"elementor-element elementor-element-17dac314 elementor-hidden-mobile elementor-widget elementor-widget-proradio-elementor-qt-caption\" data-id=\"17dac314\" data-element_type=\"widget\" data-e-type=\"widget\" data-widget_type=\"proradio-elementor-qt-caption.default\">\n\t\t\t\t<div class=\"elementor-widget-container\">\n\t\t\t\t\t\t\t<div>\n\t\t\t<h3  class=\"proradio-element-caption proradio-caption  proradio-caption__s  \" data-qtwaypoints-offset=\"30\" data-qtwaypoints>\t\t\t\t<span>za sva va\u0161a pitanja i sugestije<\/span>\n\t\t\t\t<\/h3>\t\t<\/div>\n\t\t\t\t\t\t<\/div>\n\t\t\t\t<\/div>\n\t\t\t\t<div class=\"elementor-element elementor-element-64f8698b elementor-widget elementor-widget-heading\" data-id=\"64f8698b\" data-element_type=\"widget\" data-e-type=\"widget\" data-widget_type=\"heading.default\">\n\t\t\t\t<div class=\"elementor-widget-container\">\n\t\t\t\t\t<h2 class=\"elementor-heading-title elementor-size-default\">KONTAKTIRAJTE NAS<\/h2>\t\t\t\t<\/div>\n\t\t\t\t<\/div>\n\t\t\t\t<div class=\"elementor-element elementor-element-5fb0232c elementor-widget elementor-widget-text-editor\" data-id=\"5fb0232c\" data-element_type=\"widget\" data-e-type=\"widget\" data-widget_type=\"text-editor.default\">\n\t\t\t\t<div class=\"elementor-widget-container\">\n\t\t\t\t\t\t\t\t\t<p>Otvoreni smo za sva va\u0161a pitanja, sugestije i saradnju. Budite slobodni, kontaktirajte nas.<\/p><p><em>Na\u0161 Radio 107,8<\/em><\/p>\t\t\t\t\t\t\t\t<\/div>\n\t\t\t\t<\/div>\n\t\t\t\t<section class=\"elementor-section elementor-inner-section elementor-element elementor-element-1f2c907 elementor-hidden-mobile elementor-section-boxed elementor-section-height-default elementor-section-height-default\" data-id=\"1f2c907\" data-element_type=\"section\" data-e-type=\"section\">\n\t\t\t\t\t\t<div class=\"elementor-container elementor-column-gap-default\">\n\t\t\t\t\t<div class=\"elementor-column elementor-col-33 elementor-inner-column elementor-element elementor-element-58154905\" data-id=\"58154905\" data-element_type=\"column\" data-e-type=\"column\">\n\t\t\t<div class=\"elementor-widget-wrap elementor-element-populated\">\n\t\t\t\t\t\t<div class=\"elementor-element elementor-element-19128c21 elementor-icon-list--layout-traditional elementor-list-item-link-full_width elementor-widget elementor-widget-icon-list\" data-id=\"19128c21\" data-element_type=\"widget\" data-e-type=\"widget\" data-widget_type=\"icon-list.default\">\n\t\t\t\t<div class=\"elementor-widget-container\">\n\t\t\t\t\t\t\t<ul class=\"elementor-icon-list-items\">\n\t\t\t\t\t\t\t<li class=\"elementor-icon-list-item\">\n\t\t\t\t\t\t\t\t\t\t\t<span class=\"elementor-icon-list-icon\">\n\t\t\t\t\t\t\t<i aria-hidden=\"true\" class=\"fas fa-phone-alt\"><\/i>\t\t\t\t\t\t<\/span>\n\t\t\t\t\t\t\t\t\t\t<span class=\"elementor-icon-list-text\">Marketing: <a href=\"tel:+381694683630\">+38169 468 36 30<span style=\"font-size: inherit;letter-spacing: 0em\"><\/span><\/a><\/span>\n\t\t\t\t\t\t\t\t\t<\/li>\n\t\t\t\t\t\t<\/ul>\n\t\t\t\t\t\t<\/div>\n\t\t\t\t<\/div>\n\t\t\t\t\t<\/div>\n\t\t<\/div>\n\t\t\t\t<div class=\"elementor-column elementor-col-33 elementor-inner-column elementor-element elementor-element-3644c128\" data-id=\"3644c128\" data-element_type=\"column\" data-e-type=\"column\">\n\t\t\t<div class=\"elementor-widget-wrap elementor-element-populated\">\n\t\t\t\t\t\t<div class=\"elementor-element elementor-element-3c54f8e5 elementor-icon-list--layout-traditional elementor-list-item-link-full_width elementor-widget elementor-widget-icon-list\" data-id=\"3c54f8e5\" data-element_type=\"widget\" data-e-type=\"widget\" data-widget_type=\"icon-list.default\">\n\t\t\t\t<div class=\"elementor-widget-container\">\n\t\t\t\t\t\t\t<ul class=\"elementor-icon-list-items\">\n\t\t\t\t\t\t\t<li class=\"elementor-icon-list-item\">\n\t\t\t\t\t\t\t\t\t\t\t<span class=\"elementor-icon-list-icon\">\n\t\t\t\t\t\t\t<i aria-hidden=\"true\" class=\"far fa-envelope\"><\/i>\t\t\t\t\t\t<\/span>\n\t\t\t\t\t\t\t\t\t\t<span class=\"elementor-icon-list-text\">Po\u0161aljite nam email:<\/br><a href=\"mailto:nasradiozabalj@gmail.com?cc= nasradiozabalj@gmail.com&amp;bcc= nasradiozabalj@gmail.com&amp;subject=Summer%20Party&amp;body=You%20are%20invited%20to%20a%20big%20summer%20party!\" target=\"_top\"> nasradiozabalj@gmail.com<\/a><\/span>\n\t\t\t\t\t\t\t\t\t<\/li>\n\t\t\t\t\t\t<\/ul>\n\t\t\t\t\t\t<\/div>\n\t\t\t\t<\/div>\n\t\t\t\t\t<\/div>\n\t\t<\/div>\n\t\t\t\t<div class=\"elementor-column elementor-col-33 elementor-inner-column elementor-element elementor-element-3edc1c01\" data-id=\"3edc1c01\" data-element_type=\"column\" data-e-type=\"column\">\n\t\t\t<div class=\"elementor-widget-wrap elementor-element-populated\">\n\t\t\t\t\t\t<div class=\"elementor-element elementor-element-6f73adde elementor-icon-list--layout-traditional elementor-list-item-link-full_width elementor-widget elementor-widget-icon-list\" data-id=\"6f73adde\" data-element_type=\"widget\" data-e-type=\"widget\" data-widget_type=\"icon-list.default\">\n\t\t\t\t<div class=\"elementor-widget-container\">\n\t\t\t\t\t\t\t<ul class=\"elementor-icon-list-items\">\n\t\t\t\t\t\t\t<li class=\"elementor-icon-list-item\">\n\t\t\t\t\t\t\t\t\t\t\t<span class=\"elementor-icon-list-icon\">\n\t\t\t\t\t\t\t<i aria-hidden=\"true\" class=\"fas fa-map-pin\"><\/i>\t\t\t\t\t\t<\/span>\n\t\t\t\t\t\t\t\t\t\t<span class=\"elementor-icon-list-text\">Posetite nas: Nikole Tesle 31, \u017dabalj<\/span>\n\t\t\t\t\t\t\t\t\t<\/li>\n\t\t\t\t\t\t<\/ul>\n\t\t\t\t\t\t<\/div>\n\t\t\t\t<\/div>\n\t\t\t\t\t<\/div>\n\t\t<\/div>\n\t\t\t\t\t<\/div>\n\t\t<\/section>\n\t\t\t\t<div class=\"elementor-element elementor-element-694eeb08 elementor-hidden-desktop elementor-hidden-tablet elementor-widget elementor-widget-text-editor\" data-id=\"694eeb08\" data-element_type=\"widget\" data-e-type=\"widget\" data-widget_type=\"text-editor.default\">\n\t\t\t\t<div class=\"elementor-widget-container\">\n\t\t\t\t\t\t\t\t\tMarketing:<a href=\"tel: +381694683630\"> +38169 468 36 30<\/a>\nPo\u0161aljite nam email:<a href=\"mailto: nasradiozabalj@gmail.com?cc= nasradiozabalj@gmail.com&amp;bcc= nasradiozabalj@gmail.com&amp;subject=Summer%20Party&amp;body=You%20are%20invited%20to%20a%20big%20summer%20party!\" target=\"_top\"> nasradiozabalj@gmail.com<\/a>\nPosetite nas: Nikole Tesle 31, \u017dabalj\t\t\t\t\t\t\t\t<\/div>\n\t\t\t\t<\/div>\n\t\t\t\t\t<\/div>\n\t\t<\/div>\n\t\t\t\t\t<\/div>\n\t\t<\/section>\n\t\t\t\t<section class=\"elementor-section elementor-top-section elementor-element elementor-element-6835252d elementor-section-stretched elementor-section-full_width map elementor-section-height-default elementor-section-height-default\" data-id=\"6835252d\" data-element_type=\"section\" data-e-type=\"section\" id=\"map\" data-settings=\"{&quot;stretch_section&quot;:&quot;section-stretched&quot;}\">\n\t\t\t\t\t\t<div class=\"elementor-container elementor-column-gap-default\">\n\t\t\t\t\t<div class=\"elementor-column elementor-col-100 elementor-top-column elementor-element elementor-element-c41c9f2\" data-id=\"c41c9f2\" data-element_type=\"column\" data-e-type=\"column\">\n\t\t\t<div class=\"elementor-widget-wrap elementor-element-populated\">\n\t\t\t\t\t\t<div class=\"elementor-element elementor-element-22d2be13 elementor-widget elementor-widget-google_maps\" data-id=\"22d2be13\" data-element_type=\"widget\" data-e-type=\"widget\" data-widget_type=\"google_maps.default\">\n\t\t\t\t<div class=\"elementor-widget-container\">\n\t\t\t\t\t\t\t<div class=\"elementor-custom-embed\">\n\t\t\t<iframe loading=\"lazy\"\n\t\t\t\t\tsrc=\"https:\/\/maps.google.com\/maps?q=Nas%20radio%20Zabalj%2C%20Nikole%20Tesle%2031%2C%20%D0%96%D0%B0%D0%B1%D0%B0%D1%99&#038;t=m&#038;z=14&#038;output=embed&#038;iwloc=near\"\n\t\t\t\t\ttitle=\"Nas radio Zabalj, Nikole Tesle 31, \u0416\u0430\u0431\u0430\u0459\"\n\t\t\t\t\taria-label=\"Nas radio Zabalj, Nikole Tesle 31, \u0416\u0430\u0431\u0430\u0459\"\n\t\t\t><\/iframe>\n\t\t<\/div>\n\t\t\t\t\t\t<\/div>\n\t\t\t\t<\/div>\n\t\t\t\t\t<\/div>\n\t\t<\/div>\n\t\t\t\t\t<\/div>\n\t\t<\/section>\n\t\t\t\t<\/div>\n\t\t","protected":false},"excerpt":{"rendered":"<p>NA\u0160 RADIO 107.8 KONTAKT za sva va\u0161a pitanja i sugestije KONTAKTIRAJTE NAS Otvoreni smo za sva va\u0161a pitanja, sugestije i saradnju. Budite slobodni, kontaktirajte nas. Na\u0161 Radio 107,8 Marketing: +38169 468 36 30 Po\u0161aljite nam email: nasradiozabalj@gmail.com Posetite nas: Nikole Tesle 31, \u017dabalj Marketing: +38169 468 36 30 Po\u0161aljite nam ...<\/p>\n","protected":false},"author":1,"featured_media":6233,"parent":0,"menu_order":0,"comment_status":"closed","ping_status":"closed","template":"","meta":{"footnotes":""},"class_list":["post-6340","page","type-page","status-publish","has-post-thumbnail","hentry"],"yoast_head":"<!-- This site is optimized with the Yoast SEO plugin v26.9 - https:\/\/yoast.com\/product\/yoast-seo-wordpress\/ -->\n<title>Kontakt - Na\u0161 Radio<\/title>\n<meta name=\"description\" content=\"Samo narodni hitovi\" \/>\n<meta name=\"robots\" content=\"index, follow, max-snippet:-1, max-image-preview:large, max-video-preview:-1\" \/>\n<link rel=\"canonical\" href=\"https:\/\/nasradio.rs\/index.php\/kontakt\/\" \/>\n<meta property=\"og:locale\" content=\"en_US\" \/>\n<meta property=\"og:type\" content=\"article\" \/>\n<meta property=\"og:title\" content=\"Kontakt - Na\u0161 Radio\" \/>\n<meta property=\"og:description\" content=\"Samo narodni hitovi\" \/>\n<meta property=\"og:url\" content=\"https:\/\/nasradio.rs\/index.php\/kontakt\/\" \/>\n<meta property=\"og:site_name\" content=\"Na\u0161 Radio\" \/>\n<meta property=\"article:modified_time\" content=\"2024-03-07T18:08:15+00:00\" \/>\n<meta property=\"og:image\" content=\"https:\/\/nasradio.rs\/wp-content\/uploads\/2023\/12\/NARODNA-NAS-RADIO-PLAY-1.png\" \/>\n\t<meta property=\"og:image:width\" content=\"1080\" \/>\n\t<meta property=\"og:image:height\" content=\"1080\" \/>\n\t<meta property=\"og:image:type\" content=\"image\/png\" \/>\n<meta name=\"twitter:card\" content=\"summary_large_image\" \/>\n<meta name=\"twitter:label1\" content=\"Est. reading time\" \/>\n\t<meta name=\"twitter:data1\" content=\"1 minute\" \/>\n<script type=\"application\/ld+json\" class=\"yoast-schema-graph\">{\"@context\":\"https:\/\/schema.org\",\"@graph\":[{\"@type\":\"WebPage\",\"@id\":\"https:\/\/nasradio.rs\/index.php\/kontakt\/\",\"url\":\"https:\/\/nasradio.rs\/index.php\/kontakt\/\",\"name\":\"Kontakt - Na\u0161 Radio\",\"isPartOf\":{\"@id\":\"https:\/\/nasradio.rs\/#website\"},\"primaryImageOfPage\":{\"@id\":\"https:\/\/nasradio.rs\/index.php\/kontakt\/#primaryimage\"},\"image\":{\"@id\":\"https:\/\/nasradio.rs\/index.php\/kontakt\/#primaryimage\"},\"thumbnailUrl\":\"https:\/\/nasradio.rs\/wp-content\/uploads\/2023\/12\/NARODNA-NAS-RADIO-PLAY-1.png\",\"datePublished\":\"2023-12-20T02:21:31+00:00\",\"dateModified\":\"2024-03-07T18:08:15+00:00\",\"description\":\"Samo narodni hitovi\",\"breadcrumb\":{\"@id\":\"https:\/\/nasradio.rs\/index.php\/kontakt\/#breadcrumb\"},\"inLanguage\":\"en-US\",\"potentialAction\":[{\"@type\":\"ReadAction\",\"target\":[\"https:\/\/nasradio.rs\/index.php\/kontakt\/\"]}]},{\"@type\":\"ImageObject\",\"inLanguage\":\"en-US\",\"@id\":\"https:\/\/nasradio.rs\/index.php\/kontakt\/#primaryimage\",\"url\":\"https:\/\/nasradio.rs\/wp-content\/uploads\/2023\/12\/NARODNA-NAS-RADIO-PLAY-1.png\",\"contentUrl\":\"https:\/\/nasradio.rs\/wp-content\/uploads\/2023\/12\/NARODNA-NAS-RADIO-PLAY-1.png\",\"width\":1080,\"height\":1080},{\"@type\":\"BreadcrumbList\",\"@id\":\"https:\/\/nasradio.rs\/index.php\/kontakt\/#breadcrumb\",\"itemListElement\":[{\"@type\":\"ListItem\",\"position\":1,\"name\":\"Home\",\"item\":\"https:\/\/nasradio.rs\/\"},{\"@type\":\"ListItem\",\"position\":2,\"name\":\"Kontakt\"}]},{\"@type\":\"WebSite\",\"@id\":\"https:\/\/nasradio.rs\/#website\",\"url\":\"https:\/\/nasradio.rs\/\",\"name\":\"Na\u0161 Radio\",\"description\":\"Samo narodni hitovi\",\"publisher\":{\"@id\":\"https:\/\/nasradio.rs\/#organization\"},\"alternateName\":\"Samo narodni hitovi\",\"potentialAction\":[{\"@type\":\"SearchAction\",\"target\":{\"@type\":\"EntryPoint\",\"urlTemplate\":\"https:\/\/nasradio.rs\/?s={search_term_string}\"},\"query-input\":{\"@type\":\"PropertyValueSpecification\",\"valueRequired\":true,\"valueName\":\"search_term_string\"}}],\"inLanguage\":\"en-US\"},{\"@type\":\"Organization\",\"@id\":\"https:\/\/nasradio.rs\/#organization\",\"name\":\"Na\u0161 Radio\",\"alternateName\":\"Samo narodni hitovi\",\"url\":\"https:\/\/nasradio.rs\/\",\"logo\":{\"@type\":\"ImageObject\",\"inLanguage\":\"en-US\",\"@id\":\"https:\/\/nasradio.rs\/#\/schema\/logo\/image\/\",\"url\":\"https:\/\/nasradio.rs\/wp-content\/uploads\/2020\/06\/cropped-Logotipovi-za-radio1078-2.png\",\"contentUrl\":\"https:\/\/nasradio.rs\/wp-content\/uploads\/2020\/06\/cropped-Logotipovi-za-radio1078-2.png\",\"width\":512,\"height\":512,\"caption\":\"Na\u0161 Radio\"},\"image\":{\"@id\":\"https:\/\/nasradio.rs\/#\/schema\/logo\/image\/\"}}]}<\/script>\n<!-- \/ Yoast SEO plugin. -->","yoast_head_json":{"title":"Kontakt - Na\u0161 Radio","description":"Samo narodni hitovi","robots":{"index":"index","follow":"follow","max-snippet":"max-snippet:-1","max-image-preview":"max-image-preview:large","max-video-preview":"max-video-preview:-1"},"canonical":"https:\/\/nasradio.rs\/index.php\/kontakt\/","og_locale":"en_US","og_type":"article","og_title":"Kontakt - Na\u0161 Radio","og_description":"Samo narodni hitovi","og_url":"https:\/\/nasradio.rs\/index.php\/kontakt\/","og_site_name":"Na\u0161 Radio","article_modified_time":"2024-03-07T18:08:15+00:00","og_image":[{"width":1080,"height":1080,"url":"https:\/\/nasradio.rs\/wp-content\/uploads\/2023\/12\/NARODNA-NAS-RADIO-PLAY-1.png","type":"image\/png"}],"twitter_card":"summary_large_image","twitter_misc":{"Est. reading time":"1 minute"},"schema":{"@context":"https:\/\/schema.org","@graph":[{"@type":"WebPage","@id":"https:\/\/nasradio.rs\/index.php\/kontakt\/","url":"https:\/\/nasradio.rs\/index.php\/kontakt\/","name":"Kontakt - Na\u0161 Radio","isPartOf":{"@id":"https:\/\/nasradio.rs\/#website"},"primaryImageOfPage":{"@id":"https:\/\/nasradio.rs\/index.php\/kontakt\/#primaryimage"},"image":{"@id":"https:\/\/nasradio.rs\/index.php\/kontakt\/#primaryimage"},"thumbnailUrl":"https:\/\/nasradio.rs\/wp-content\/uploads\/2023\/12\/NARODNA-NAS-RADIO-PLAY-1.png","datePublished":"2023-12-20T02:21:31+00:00","dateModified":"2024-03-07T18:08:15+00:00","description":"Samo narodni hitovi","breadcrumb":{"@id":"https:\/\/nasradio.rs\/index.php\/kontakt\/#breadcrumb"},"inLanguage":"en-US","potentialAction":[{"@type":"ReadAction","target":["https:\/\/nasradio.rs\/index.php\/kontakt\/"]}]},{"@type":"ImageObject","inLanguage":"en-US","@id":"https:\/\/nasradio.rs\/index.php\/kontakt\/#primaryimage","url":"https:\/\/nasradio.rs\/wp-content\/uploads\/2023\/12\/NARODNA-NAS-RADIO-PLAY-1.png","contentUrl":"https:\/\/nasradio.rs\/wp-content\/uploads\/2023\/12\/NARODNA-NAS-RADIO-PLAY-1.png","width":1080,"height":1080},{"@type":"BreadcrumbList","@id":"https:\/\/nasradio.rs\/index.php\/kontakt\/#breadcrumb","itemListElement":[{"@type":"ListItem","position":1,"name":"Home","item":"https:\/\/nasradio.rs\/"},{"@type":"ListItem","position":2,"name":"Kontakt"}]},{"@type":"WebSite","@id":"https:\/\/nasradio.rs\/#website","url":"https:\/\/nasradio.rs\/","name":"Na\u0161 Radio","description":"Samo narodni hitovi","publisher":{"@id":"https:\/\/nasradio.rs\/#organization"},"alternateName":"Samo narodni hitovi","potentialAction":[{"@type":"SearchAction","target":{"@type":"EntryPoint","urlTemplate":"https:\/\/nasradio.rs\/?s={search_term_string}"},"query-input":{"@type":"PropertyValueSpecification","valueRequired":true,"valueName":"search_term_string"}}],"inLanguage":"en-US"},{"@type":"Organization","@id":"https:\/\/nasradio.rs\/#organization","name":"Na\u0161 Radio","alternateName":"Samo narodni hitovi","url":"https:\/\/nasradio.rs\/","logo":{"@type":"ImageObject","inLanguage":"en-US","@id":"https:\/\/nasradio.rs\/#\/schema\/logo\/image\/","url":"https:\/\/nasradio.rs\/wp-content\/uploads\/2020\/06\/cropped-Logotipovi-za-radio1078-2.png","contentUrl":"https:\/\/nasradio.rs\/wp-content\/uploads\/2020\/06\/cropped-Logotipovi-za-radio1078-2.png","width":512,"height":512,"caption":"Na\u0161 Radio"},"image":{"@id":"https:\/\/nasradio.rs\/#\/schema\/logo\/image\/"}}]}},"_links":{"self":[{"href":"https:\/\/nasradio.rs\/index.php\/wp-json\/wp\/v2\/pages\/6340","targetHints":{"allow":["GET"]}}],"collection":[{"href":"https:\/\/nasradio.rs\/index.php\/wp-json\/wp\/v2\/pages"}],"about":[{"href":"https:\/\/nasradio.rs\/index.php\/wp-json\/wp\/v2\/types\/page"}],"author":[{"embeddable":true,"href":"https:\/\/nasradio.rs\/index.php\/wp-json\/wp\/v2\/users\/1"}],"replies":[{"embeddable":true,"href":"https:\/\/nasradio.rs\/index.php\/wp-json\/wp\/v2\/comments?post=6340"}],"version-history":[{"count":47,"href":"https:\/\/nasradio.rs\/index.php\/wp-json\/wp\/v2\/pages\/6340\/revisions"}],"predecessor-version":[{"id":6604,"href":"https:\/\/nasradio.rs\/index.php\/wp-json\/wp\/v2\/pages\/6340\/revisions\/6604"}],"wp:featuredmedia":[{"embeddable":true,"href":"https:\/\/nasradio.rs\/index.php\/wp-json\/wp\/v2\/media\/6233"}],"wp:attachment":[{"href":"https:\/\/nasradio.rs\/index.php\/wp-json\/wp\/v2\/media?parent=6340"}],"curies":[{"name":"wp","href":"https:\/\/api.w.org\/{rel}","templated":true}]}}